{"id":44,"date":"2016-08-02T12:40:30","date_gmt":"2016-08-02T10:40:30","guid":{"rendered":"http:\/\/functionalgym.net\/gym\/?page_id=44"},"modified":"2017-08-20T17:57:43","modified_gmt":"2017-08-20T15:57:43","slug":"life-kinetik","status":"publish","type":"page","link":"https:\/\/functionalgym.net\/?page_id=44","title":{"rendered":"Life Kinetik"},"content":{"rendered":"<h3 style=\"text-align: left;\">Life Kinetik<\/h3>\n<h3 style=\"text-align: left;\"><span style=\"color: #d32b85;\">Das Bewegungsprogramm<\/span><br \/>\n<span style=\"color: #d32b85;\"> zur Gehirnentfaltung<\/span><\/h3>\n<div class='content-column one_half'><div style=\"padding-right:100px;\"><p style=\"text-align: left;\"><strong>Life Kinetik ist eine neue Trainingsmethode, die das Gehirn mittels nicht allt\u00e4glicher Aufgaben fordert und st\u00e4rkt. Viele prominente Leistungssportler und Spitzenmanager haben diese Methode bereits in ihr Trainingsprogramm integriert.<\/strong><\/p>\n<p style=\"text-align: left;\">Ziel ist es durch koordinativ anspruchsvolle und spa\u00dfige Bewegungsaufgaben die k\u00f6rperliche und geistige Leistungsf\u00e4higkeit zu erh\u00f6hen.<\/p><\/div><\/div>\n<div class='content-column one_half last_column'><div style=\"padding-right:0px;\"><p><strong>Schon nach wenigen Einheiten werden Sie merken, wie Sie Ihre:<\/strong><\/p>\n<ul style=\"text-align: left;\">\n<li>Stressresistenz steigern<\/li>\n<li>Konzentration verbessern<\/li>\n<li>Merkf\u00e4higkeit erh\u00f6hen<\/li>\n<li>Fehler reduzieren<\/li>\n<li>Aufmerksamkeit steigern<\/li>\n<li>Leistungsf\u00e4higkeit verbessern<\/li>\n<\/ul><\/div><\/div><div class='clear_column'><\/div>\n<p>&nbsp;<\/p>\n<h6 style=\"text-align: left;\"><span style=\"color: #808080;\"><i class=\"wp-svg-tags tags\"><\/i> Schnupperkurs: Preis auf Anfrage<\/span><\/h6>\n<h6 style=\"text-align: left;\"><span style=\"color: #808080;\"><i class=\"wp-svg-tags tags\"><\/i> Workshop: Preis auf Anfrage <\/span><\/h6>\n<h6 style=\"text-align: left;\"><span style=\"color: #808080;\"><i class=\"wp-svg-tags tags\"><\/i> Personal Training: 89,-\u20ac \/ Std. <\/span><\/h6>\n<h6 style=\"text-align: left;\"><span style=\"color: #808080;\"><i class=\"wp-svg-tags tags\"><\/i> Gruppenangebot bis max. 20 Pers.: 15,- \u20ac \/ TN \/ Std.<\/span><\/h6>\n","protected":false},"excerpt":{"rendered":"<p>Life Kinetik Das Bewegungsprogramm zur Gehirnentfaltung &nbsp; Schnupperkurs: Preis auf Anfrage Workshop: Preis auf Anfrage Personal Training: 89,-\u20ac \/ Std. Gruppenangebot bis max. 20 Pers.: 15,- \u20ac \/ TN \/ Std.<\/p>\n","protected":false},"author":1,"featured_media":0,"parent":0,"menu_order":0,"comment_status":"closed","ping_status":"closed","template":"page-templates\/page_fullwidth.php","meta":[],"_links":{"self":[{"href":"https:\/\/functionalgym.net\/index.php?rest_route=\/wp\/v2\/pages\/44"}],"collection":[{"href":"https:\/\/functionalgym.net\/index.php?rest_route=\/wp\/v2\/pages"}],"about":[{"href":"https:\/\/functionalgym.net\/index.php?rest_route=\/wp\/v2\/types\/page"}],"author":[{"embeddable":true,"href":"https:\/\/functionalgym.net\/index.php?rest_route=\/wp\/v2\/users\/1"}],"replies":[{"embeddable":true,"href":"https:\/\/functionalgym.net\/index.php?rest_route=%2Fwp%2Fv2%2Fcomments&post=44"}],"version-history":[{"count":19,"href":"https:\/\/functionalgym.net\/index.php?rest_route=\/wp\/v2\/pages\/44\/revisions"}],"predecessor-version":[{"id":348,"href":"https:\/\/functionalgym.net\/index.php?rest_route=\/wp\/v2\/pages\/44\/revisions\/348"}],"wp:attachment":[{"href":"https:\/\/functionalgym.net\/index.php?rest_route=%2Fwp%2Fv2%2Fmedia&parent=44"}],"curies":[{"name":"wp","href":"https:\/\/api.w.org\/{rel}","templated":true}]}}